{"id":992,"date":"2023-08-03T16:35:39","date_gmt":"2023-08-03T14:35:39","guid":{"rendered":"https:\/\/www.gaialanouveleve.com\/?page_id=992"},"modified":"2026-03-02T15:13:03","modified_gmt":"2026-03-02T14:13:03","slug":"kobido","status":"publish","type":"page","link":"https:\/\/www.gaialanouveleve.com\/index.php\/kobido\/","title":{"rendered":"Liftant Japonais inspir\u00e9 du KOBIDO"},"content":{"rendered":"\n<p class=\"has-medium-font-size\">Le Massage Ancestral Japonais<\/p>\n\n\n\n<figure class=\"wp-block-image size-large\"><img decoding=\"async\" loading=\"lazy\" width=\"1024\" height=\"737\" src=\"https:\/\/www.gaialanouveleve.com\/wp-content\/uploads\/2023\/08\/IMG_06331-1024x737.jpg\" alt=\"\" class=\"wp-image-995\" srcset=\"https:\/\/www.gaialanouveleve.com\/wp-content\/uploads\/2023\/08\/IMG_06331-1024x737.jpg 1024w, https:\/\/www.gaialanouveleve.com\/wp-content\/uploads\/2023\/08\/IMG_06331-300x216.jpg 300w, https:\/\/www.gaialanouveleve.com\/wp-content\/uploads\/2023\/08\/IMG_06331-768x553.jpg 768w, https:\/\/www.gaialanouveleve.com\/wp-content\/uploads\/2023\/08\/IMG_06331.jpg 1157w\" sizes=\"(max-width: 767px) 89vw, (max-width: 1000px) 54vw, (max-width: 1071px) 543px, 580px\" \/><\/figure>\n\n\n\n<p>Le Kobido signifie \u00ab\u00a0ancienne voie de beaut\u00e9\u00a0\u00bb, il \u00e9tait pratiqu\u00e9 traditionnellement lors des rituels de bain et de purifications. C&rsquo;est une chor\u00e9graphie manuelle qui comporte des lissages, percussions, drainages, l\u00e9ger pincements, p\u00e9trissage, r\u00e9flexologie &#8230;<\/p>\n\n\n\n<p>Ce massage vise \u00e0 rajeunir le visage \u00e0 pr\u00e9venir et \u00e0 r\u00e9duire l&rsquo;impact du processus de vieillissement.Il stimule la micro-circulation sanguine am\u00e9liore l&rsquo;oxyg\u00e9nation ainsi que la r\u00e9g\u00e9n\u00e9ration des cellules .Certains lissage et p\u00e9trissage favorisent la s\u00e9cr\u00e9tions                           de collag\u00e8ne et d&rsquo;\u00e9lastines qui redonne un galbe au visage.<\/p>\n\n\n\n<p>Par ailleurs la d\u00e9tente des muscles faciaux soulage les personnes souffrant de crispations.                                                                                      Une d\u00e9tente faciale induit une d\u00e9tente global et permet au mental de l\u00e2cher prise .<\/p>\n\n\n\n<p>Les bienfaits se font ressentir d\u00e8s la premi\u00e8re s\u00e9ance.                                                                                                                                                                                                   Afin d&rsquo;avoir des r\u00e9sultat optimal , il est conseill\u00e9 d\u2019effectuer 6 \u00e0 10 s\u00e9ances rapproch\u00e9es       (1 s\u00e9ance par semaine pendant 4 \u00e0 5 semaine ) puis 1 \u00e0 2 fois par mois suivant vos besoins .<\/p>\n\n\n\n<p>Le massage est effectu\u00e9s avec une synergie v\u00e9g\u00e9tales &amp; min\u00e9rales ainsi qu&rsquo;avec le rouleaux et le Ridoki de Jade  .<\/p>\n\n\n\n<p class=\"has-vivid-cyan-blue-color has-text-color has-medium-font-size\"><strong>Forfaits :<\/strong><\/p>\n\n\n\n<p class=\"has-vivid-cyan-blue-color has-text-color has-medium-font-size\">10 s\u00e9ances : 699\u20ac + 1 soin du visage \u00c9ternelle Jeunesse offert<\/p>\n\n\n\n<p class=\"has-vivid-cyan-blue-color has-text-color has-medium-font-size\">7 s\u00e9ances : 490\u20ac<\/p>\n\n\n\n<p class=\"has-vivid-cyan-blue-color has-text-color has-medium-font-size\">5 s\u00e9ances : 361\u20ac<\/p>\n\n\n\n<p class=\"has-vivid-cyan-blue-color has-text-color has-medium-font-size\">1 s\u00e9ance : 82\u20ac <strong>        <\/strong>                                                                                                        <\/p>\n","protected":false},"excerpt":{"rendered":"<p>Le Massage Ancestral Japonais Le Kobido signifie \u00ab\u00a0ancienne voie de beaut\u00e9\u00a0\u00bb, il \u00e9tait pratiqu\u00e9 traditionnellement lors des rituels de bain et de purifications. C&rsquo;est une chor\u00e9graphie manuelle qui comporte des lissages, percussions, drainages, l\u00e9ger pincements, p\u00e9trissage, r\u00e9flexologie &#8230; Ce massage vise \u00e0 rajeunir le visage \u00e0 pr\u00e9venir et \u00e0 r\u00e9duire l&rsquo;impact du processus de vieillissement.Il &hellip; <\/p>\n<p class=\"link-more\"><a href=\"https:\/\/www.gaialanouveleve.com\/index.php\/kobido\/\" class=\"more-link\">Continuer la lecture<span class=\"screen-reader-text\"> de &laquo;&nbsp;Liftant Japonais inspir\u00e9 du KOBIDO&nbsp;&raquo;<\/span><\/a><\/p>\n","protected":false},"author":1,"featured_media":0,"parent":0,"menu_order":0,"comment_status":"closed","ping_status":"closed","template":"","meta":{"footnotes":""},"yoast_head":"<!-- This site is optimized with the Yoast SEO plugin v14.1 - https:\/\/yoast.com\/wordpress\/plugins\/seo\/ -->\n<title>Liftant Japonais inspir\u00e9 du KOBIDO - GA\u00cfA LA NOUVELLE EVE<\/title>\n<meta name=\"robots\" content=\"index, follow\" \/>\n<meta name=\"googlebot\" content=\"index, follow, max-snippet:-1, max-image-preview:large, max-video-preview:-1\" \/>\n<meta name=\"bingbot\" content=\"index, follow, max-snippet:-1, max-image-preview:large, max-video-preview:-1\" \/>\n<link rel=\"canonical\" href=\"https:\/\/www.gaialanouveleve.com\/index.php\/kobido\/\" \/>\n<meta property=\"og:locale\" content=\"fr_FR\" \/>\n<meta property=\"og:type\" content=\"article\" \/>\n<meta property=\"og:title\" content=\"Liftant Japonais inspir\u00e9 du KOBIDO - GA\u00cfA LA NOUVELLE EVE\" \/>\n<meta property=\"og:description\" content=\"Le Massage Ancestral Japonais Le Kobido signifie \u00ab\u00a0ancienne voie de beaut\u00e9\u00a0\u00bb, il \u00e9tait pratiqu\u00e9 traditionnellement lors des rituels de bain et de purifications. C&rsquo;est une chor\u00e9graphie manuelle qui comporte des lissages, percussions, drainages, l\u00e9ger pincements, p\u00e9trissage, r\u00e9flexologie &#8230; Ce massage vise \u00e0 rajeunir le visage \u00e0 pr\u00e9venir et \u00e0 r\u00e9duire l&rsquo;impact du processus de vieillissement.Il &hellip; Continuer la lecture de &laquo;&nbsp;Liftant Japonais inspir\u00e9 du KOBIDO&nbsp;&raquo;\" \/>\n<meta property=\"og:url\" content=\"https:\/\/www.gaialanouveleve.com\/index.php\/kobido\/\" \/>\n<meta property=\"og:site_name\" content=\"GA\u00cfA LA NOUVELLE EVE\" \/>\n<meta property=\"article:author\" content=\"https:\/\/www.facebook.com\/profile.php?id=100034857379711&amp;locale=fr_FR\" \/>\n<meta property=\"article:modified_time\" content=\"2026-03-02T14:13:03+00:00\" \/>\n<meta property=\"og:image\" content=\"https:\/\/www.gaialanouveleve.com\/wp-content\/uploads\/2023\/08\/IMG_06331-1024x737.jpg\" \/>\n<meta name=\"twitter:card\" content=\"summary_large_image\" \/>\n<script type=\"application\/ld+json\" class=\"yoast-schema-graph\">{\"@context\":\"https:\/\/schema.org\",\"@graph\":[{\"@type\":\"WebSite\",\"@id\":\"https:\/\/www.gaialanouveleve.com\/#website\",\"url\":\"https:\/\/www.gaialanouveleve.com\/\",\"name\":\"GA\\u00cfA LA NOUVELLE EVE\",\"description\":\"BEAUT\\u00c9 ET S\\u00c9R\\u00c9NIT\\u00c9 INT\\u00c9RIEUR ET EXTERIEUR\",\"potentialAction\":[{\"@type\":\"SearchAction\",\"target\":\"https:\/\/www.gaialanouveleve.com\/?s={search_term_string}\",\"query-input\":\"required name=search_term_string\"}],\"inLanguage\":\"fr-FR\"},{\"@type\":\"ImageObject\",\"@id\":\"https:\/\/www.gaialanouveleve.com\/index.php\/kobido\/#primaryimage\",\"inLanguage\":\"fr-FR\",\"url\":\"https:\/\/www.gaialanouveleve.com\/wp-content\/uploads\/2023\/08\/IMG_06331.jpg\",\"width\":1157,\"height\":833},{\"@type\":\"WebPage\",\"@id\":\"https:\/\/www.gaialanouveleve.com\/index.php\/kobido\/#webpage\",\"url\":\"https:\/\/www.gaialanouveleve.com\/index.php\/kobido\/\",\"name\":\"Liftant Japonais inspir\\u00e9 du KOBIDO - GA\\u00cfA LA NOUVELLE EVE\",\"isPartOf\":{\"@id\":\"https:\/\/www.gaialanouveleve.com\/#website\"},\"primaryImageOfPage\":{\"@id\":\"https:\/\/www.gaialanouveleve.com\/index.php\/kobido\/#primaryimage\"},\"datePublished\":\"2023-08-03T14:35:39+00:00\",\"dateModified\":\"2026-03-02T14:13:03+00:00\",\"inLanguage\":\"fr-FR\",\"potentialAction\":[{\"@type\":\"ReadAction\",\"target\":[\"https:\/\/www.gaialanouveleve.com\/index.php\/kobido\/\"]}]}]}<\/script>\n<!-- \/ Yoast SEO plugin. -->","_links":{"self":[{"href":"https:\/\/www.gaialanouveleve.com\/index.php\/wp-json\/wp\/v2\/pages\/992"}],"collection":[{"href":"https:\/\/www.gaialanouveleve.com\/index.php\/wp-json\/wp\/v2\/pages"}],"about":[{"href":"https:\/\/www.gaialanouveleve.com\/index.php\/wp-json\/wp\/v2\/types\/page"}],"author":[{"embeddable":true,"href":"https:\/\/www.gaialanouveleve.com\/index.php\/wp-json\/wp\/v2\/users\/1"}],"replies":[{"embeddable":true,"href":"https:\/\/www.gaialanouveleve.com\/index.php\/wp-json\/wp\/v2\/comments?post=992"}],"version-history":[{"count":6,"href":"https:\/\/www.gaialanouveleve.com\/index.php\/wp-json\/wp\/v2\/pages\/992\/revisions"}],"predecessor-version":[{"id":1118,"href":"https:\/\/www.gaialanouveleve.com\/index.php\/wp-json\/wp\/v2\/pages\/992\/revisions\/1118"}],"wp:attachment":[{"href":"https:\/\/www.gaialanouveleve.com\/index.php\/wp-json\/wp\/v2\/media?parent=992"}],"curies":[{"name":"wp","href":"https:\/\/api.w.org\/{rel}","templated":true}]}}