{"id":1108,"date":"2026-03-02T15:12:46","date_gmt":"2026-03-02T14:12:46","guid":{"rendered":"https:\/\/www.gaialanouveleve.com\/?page_id=1108"},"modified":"2026-03-02T16:07:13","modified_gmt":"2026-03-02T15:07:13","slug":"lipocavitation","status":"publish","type":"page","link":"https:\/\/www.gaialanouveleve.com\/index.php\/lipocavitation\/","title":{"rendered":"Lipocavitation"},"content":{"rendered":"\n<p>La lipocavitation est une technique esth\u00e9tique non invasive destin\u00e9e \u00e0 r\u00e9duire les amas graisseux localis\u00e9s et \u00e0 affiner la silhouette. Elle utilise des ultrasons \u00e0 basse fr\u00e9quence pour cibler les cellules graisseuses en profondeur, sans endommager les tissus environnants.<\/p>\n\n\n\n<p>Sous l\u2019effet des ultrasons, les cellules graisseuses sont d\u00e9stabilis\u00e9es puis \u00e9limin\u00e9es naturellement par l\u2019organisme au fil des jours suivant la s\u00e9ance. Cette m\u00e9thode est particuli\u00e8rement adapt\u00e9e aux zones r\u00e9sistantes telles que le ventre, les hanches, les cuisses ou les bras.<\/p>\n\n\n\n<p>Indolore et sans \u00e9viction sociale, la lipocavitation s\u2019int\u00e8gre facilement dans un programme minceur personnalis\u00e9. Les r\u00e9sultats sont progressifs, avec une silhouette plus harmonieuse et une peau visiblement plus lisse.<\/p>\n\n\n\n<p class=\"has-vivid-cyan-blue-color has-text-color has-medium-font-size\">Tarifs : <\/p>\n\n\n\n<p class=\"has-vivid-cyan-blue-color has-text-color\">S\u00e9ance d\u00e9couverte 20 minutes : <strong>40\u20ac<\/strong><br>S\u00e9ance standard 60 minutes : <strong>60\u20ac<\/strong><br>Cure 6 s\u00e9ances : <strong>300\u20ac<\/strong><br>Cure 10 s\u00e9ances :<strong> 450\u20ac<\/strong><\/p>\n","protected":false},"excerpt":{"rendered":"<p>La lipocavitation est une technique esth\u00e9tique non invasive destin\u00e9e \u00e0 r\u00e9duire les amas graisseux localis\u00e9s et \u00e0 affiner la silhouette. Elle utilise des ultrasons \u00e0 basse fr\u00e9quence pour cibler les cellules graisseuses en profondeur, sans endommager les tissus environnants. Sous l\u2019effet des ultrasons, les cellules graisseuses sont d\u00e9stabilis\u00e9es puis \u00e9limin\u00e9es naturellement par l\u2019organisme au fil &hellip; <\/p>\n<p class=\"link-more\"><a href=\"https:\/\/www.gaialanouveleve.com\/index.php\/lipocavitation\/\" class=\"more-link\">Continuer la lecture<span class=\"screen-reader-text\"> de &laquo;&nbsp;Lipocavitation&nbsp;&raquo;<\/span><\/a><\/p>\n","protected":false},"author":1,"featured_media":0,"parent":0,"menu_order":0,"comment_status":"closed","ping_status":"closed","template":"","meta":{"footnotes":""},"yoast_head":"<!-- This site is optimized with the Yoast SEO plugin v14.1 - https:\/\/yoast.com\/wordpress\/plugins\/seo\/ -->\n<title>Lipocavitation - GA\u00cfA LA NOUVELLE EVE<\/title>\n<meta name=\"robots\" content=\"index, follow\" \/>\n<meta name=\"googlebot\" content=\"index, follow, max-snippet:-1, max-image-preview:large, max-video-preview:-1\" \/>\n<meta name=\"bingbot\" content=\"index, follow, max-snippet:-1, max-image-preview:large, max-video-preview:-1\" \/>\n<link rel=\"canonical\" href=\"https:\/\/www.gaialanouveleve.com\/index.php\/lipocavitation\/\" \/>\n<meta property=\"og:locale\" content=\"fr_FR\" \/>\n<meta property=\"og:type\" content=\"article\" \/>\n<meta property=\"og:title\" content=\"Lipocavitation - GA\u00cfA LA NOUVELLE EVE\" \/>\n<meta property=\"og:description\" content=\"La lipocavitation est une technique esth\u00e9tique non invasive destin\u00e9e \u00e0 r\u00e9duire les amas graisseux localis\u00e9s et \u00e0 affiner la silhouette. Elle utilise des ultrasons \u00e0 basse fr\u00e9quence pour cibler les cellules graisseuses en profondeur, sans endommager les tissus environnants. Sous l\u2019effet des ultrasons, les cellules graisseuses sont d\u00e9stabilis\u00e9es puis \u00e9limin\u00e9es naturellement par l\u2019organisme au fil &hellip; Continuer la lecture de &laquo;&nbsp;Lipocavitation&nbsp;&raquo;\" \/>\n<meta property=\"og:url\" content=\"https:\/\/www.gaialanouveleve.com\/index.php\/lipocavitation\/\" \/>\n<meta property=\"og:site_name\" content=\"GA\u00cfA LA NOUVELLE EVE\" \/>\n<meta property=\"article:author\" content=\"https:\/\/www.facebook.com\/profile.php?id=100034857379711&amp;locale=fr_FR\" \/>\n<meta property=\"article:modified_time\" content=\"2026-03-02T15:07:13+00:00\" \/>\n<meta name=\"twitter:card\" content=\"summary_large_image\" \/>\n<script type=\"application\/ld+json\" class=\"yoast-schema-graph\">{\"@context\":\"https:\/\/schema.org\",\"@graph\":[{\"@type\":\"WebSite\",\"@id\":\"https:\/\/www.gaialanouveleve.com\/#website\",\"url\":\"https:\/\/www.gaialanouveleve.com\/\",\"name\":\"GA\\u00cfA LA NOUVELLE EVE\",\"description\":\"BEAUT\\u00c9 ET S\\u00c9R\\u00c9NIT\\u00c9 INT\\u00c9RIEUR ET EXTERIEUR\",\"potentialAction\":[{\"@type\":\"SearchAction\",\"target\":\"https:\/\/www.gaialanouveleve.com\/?s={search_term_string}\",\"query-input\":\"required name=search_term_string\"}],\"inLanguage\":\"fr-FR\"},{\"@type\":\"WebPage\",\"@id\":\"https:\/\/www.gaialanouveleve.com\/index.php\/lipocavitation\/#webpage\",\"url\":\"https:\/\/www.gaialanouveleve.com\/index.php\/lipocavitation\/\",\"name\":\"Lipocavitation - GA\\u00cfA LA NOUVELLE EVE\",\"isPartOf\":{\"@id\":\"https:\/\/www.gaialanouveleve.com\/#website\"},\"datePublished\":\"2026-03-02T14:12:46+00:00\",\"dateModified\":\"2026-03-02T15:07:13+00:00\",\"inLanguage\":\"fr-FR\",\"potentialAction\":[{\"@type\":\"ReadAction\",\"target\":[\"https:\/\/www.gaialanouveleve.com\/index.php\/lipocavitation\/\"]}]}]}<\/script>\n<!-- \/ Yoast SEO plugin. -->","_links":{"self":[{"href":"https:\/\/www.gaialanouveleve.com\/index.php\/wp-json\/wp\/v2\/pages\/1108"}],"collection":[{"href":"https:\/\/www.gaialanouveleve.com\/index.php\/wp-json\/wp\/v2\/pages"}],"about":[{"href":"https:\/\/www.gaialanouveleve.com\/index.php\/wp-json\/wp\/v2\/types\/page"}],"author":[{"embeddable":true,"href":"https:\/\/www.gaialanouveleve.com\/index.php\/wp-json\/wp\/v2\/users\/1"}],"replies":[{"embeddable":true,"href":"https:\/\/www.gaialanouveleve.com\/index.php\/wp-json\/wp\/v2\/comments?post=1108"}],"version-history":[{"count":2,"href":"https:\/\/www.gaialanouveleve.com\/index.php\/wp-json\/wp\/v2\/pages\/1108\/revisions"}],"predecessor-version":[{"id":1126,"href":"https:\/\/www.gaialanouveleve.com\/index.php\/wp-json\/wp\/v2\/pages\/1108\/revisions\/1126"}],"wp:attachment":[{"href":"https:\/\/www.gaialanouveleve.com\/index.php\/wp-json\/wp\/v2\/media?parent=1108"}],"curies":[{"name":"wp","href":"https:\/\/api.w.org\/{rel}","templated":true}]}}